{"id":2216,"date":"2021-02-09T20:01:38","date_gmt":"2021-02-09T19:01:38","guid":{"rendered":"https:\/\/www.krb-kamna.cz\/?page_id=2216"},"modified":"2021-02-09T20:29:06","modified_gmt":"2021-02-09T19:29:06","slug":"o-nas","status":"publish","type":"page","link":"https:\/\/www.krb-kamna.cz\/index.php\/o-nas\/","title":{"rendered":"O n\u00e1s"},"content":{"rendered":"\n<p class=\"has-cyan-bluish-gray-background-color has-background\">Firma Krby MOL\u010cAN pat\u0159\u00ed mezi zakl\u00e1daj\u00edc\u00ed \u010dleny Cechu kamn\u00e1\u0159\u016f \u010cesk\u00e9 republiky &#8211; profesn\u00ed organizace, sdru\u017euj\u00edc\u00ed renomovan\u00e9 firmy v oboru staveb krb\u016f a kachlov\u00fdch kamen.<\/p>\n\n\n\n<p class=\"has-cyan-bluish-gray-background-color has-background\">Ji\u017e p\u0159es 20 let \u00fasp\u011b\u0161n\u011b p\u016fsob\u00edme v tomto oboru na \u010desk\u00e9m trhu.<\/p>\n","protected":false},"excerpt":{"rendered":"<p>Firma Krby MOL\u010cAN pat\u0159\u00ed mezi zakl\u00e1daj\u00edc\u00ed \u010dleny Cechu kamn\u00e1\u0159\u016f \u010cesk\u00e9 republiky &#8211; profesn\u00ed organizace, sdru\u017euj\u00edc\u00ed renomovan\u00e9 firmy v oboru staveb krb\u016f a kachlov\u00fdch kamen. Ji\u017e p\u0159es 20 let \u00fasp\u011b\u0161n\u011b p\u016fsob\u00edme v tomto oboru na \u010desk\u00e9m trhu.<\/p>\n","protected":false},"author":2,"featured_media":0,"parent":0,"menu_order":0,"comment_status":"closed","ping_status":"closed","template":"","meta":{"ngg_post_thumbnail":0,"_et_pb_use_builder":"","_et_pb_old_content":"","_et_gb_content_width":"","_links_to":"","_links_to_target":""},"_links":{"self":[{"href":"https:\/\/www.krb-kamna.cz\/index.php\/wp-json\/wp\/v2\/pages\/2216"}],"collection":[{"href":"https:\/\/www.krb-kamna.cz\/index.php\/wp-json\/wp\/v2\/pages"}],"about":[{"href":"https:\/\/www.krb-kamna.cz\/index.php\/wp-json\/wp\/v2\/types\/page"}],"author":[{"embeddable":true,"href":"https:\/\/www.krb-kamna.cz\/index.php\/wp-json\/wp\/v2\/users\/2"}],"replies":[{"embeddable":true,"href":"https:\/\/www.krb-kamna.cz\/index.php\/wp-json\/wp\/v2\/comments?post=2216"}],"version-history":[{"count":3,"href":"https:\/\/www.krb-kamna.cz\/index.php\/wp-json\/wp\/v2\/pages\/2216\/revisions"}],"predecessor-version":[{"id":2226,"href":"https:\/\/www.krb-kamna.cz\/index.php\/wp-json\/wp\/v2\/pages\/2216\/revisions\/2226"}],"wp:attachment":[{"href":"https:\/\/www.krb-kamna.cz\/index.php\/wp-json\/wp\/v2\/media?parent=2216"}],"curies":[{"name":"wp","href":"https:\/\/api.w.org\/{rel}","templated":true}]}}